{"id":16,"date":"2025-04-07T09:11:11","date_gmt":"2025-04-07T09:11:11","guid":{"rendered":"https:\/\/reparacionsvic.com\/declaracion-de-accesibilidad\/"},"modified":"2025-04-16T09:09:55","modified_gmt":"2025-04-16T09:09:55","slug":"declaracio-de-accesibilitat","status":"publish","type":"page","link":"https:\/\/reparacionsvic.com\/es\/declaracio-de-accesibilitat\/","title":{"rendered":"Declaraci\u00f3n de accesibilidad"},"content":{"rendered":"<div data-elementor-type=\"wp-page\" data-elementor-id=\"16\" class=\"elementor elementor-16\" data-elementor-post-type=\"page\">\n\t\t\t\t<div class=\"elementor-element elementor-element-13fdff2 e-flex e-con-boxed e-con e-parent\" data-id=\"13fdff2\" data-element_type=\"container\" data-settings=\"{&quot;background_background&quot;:&quot;classic&quot;}\">\n\t\t\t\t\t<div class=\"e-con-inner\">\n\t\t<div class=\"elementor-element elementor-element-6752aa14 e-con-full e-flex e-con e-child\" data-id=\"6752aa14\" data-element_type=\"container\">\n\t\t\t\t<div class=\"elementor-element elementor-element-2950c6d1 elementor-widget__width-inherit elementor-widget elementor-widget-heading\" data-id=\"2950c6d1\" data-element_type=\"widget\" data-widget_type=\"heading.default\">\n\t\t\t\t<div class=\"elementor-widget-container\">\n\t\t\t\t\t<h1 class=\"elementor-heading-title elementor-size-default\">Declaraci\u00f3n de accesibilidad<\/h1>\t\t\t\t<\/div>\n\t\t\t\t<\/div>\n\t\t\t\t<\/div>\n\t\t\t\t\t<\/div>\n\t\t\t\t<\/div>\n\t\t<div class=\"elementor-element elementor-element-60a35494 e-flex e-con-boxed e-con e-parent\" data-id=\"60a35494\" data-element_type=\"container\">\n\t\t\t\t\t<div class=\"e-con-inner\">\n\t\t\t\t<div class=\"elementor-element elementor-element-7a359634 elementor-widget elementor-widget-text-editor\" data-id=\"7a359634\" data-element_type=\"widget\" data-widget_type=\"text-editor.default\">\n\t\t\t\t<div class=\"elementor-widget-container\">\n\t\t\t\t\t\t\t\t\t<p>REPARACIONES VIC RENT 2020 SL con NIF B67524553 se ha comprometido a hacer accesible su sitio web, de conformidad con el Real decreto 1112\/2018, de 7 de septiembre, sobre accesibilidad de los sitios web y aplicaciones para dispositivos m\u00f3viles del sector p\u00fablico.<\/p><h3 class=\"wp-block-heading\">Situaci\u00f3n de cumplimiento<\/h3><p>Este sitio web est\u00e1 desarrollado de acuerdo con el RD 1112\/2018.<\/p><h3 class=\"wp-block-heading\">Preparaci\u00f3n para la siguiente declaraci\u00f3n de accesibilidad<\/h3><p>Esta declaraci\u00f3n fue preparada el 20 de mayo de 2023<\/p><p>El m\u00e9todo empleado para preparar la declaraci\u00f3n ha sido una autoevaluaci\u00f3n.<\/p><h3 class=\"wp-block-heading\">Contenido opcional<\/h3><p>Puede realizar comunicaciones sobre requisitos de accesibilidad (art\u00edculo 10.2.a del RD 1112\/2018) como:<\/p><ul><li>Informar sobre cualquier posible incumplimiento por parte de este sitio web<\/li><li>Transmitir otras dificultades de acceso al contenido<\/li><li>Formular cualquier otra consulta o sugerencia de mejora relativa a la accesibilidad del sitio web a trav\u00e9s del <a href=\"\/es\/contacto\/\">formulario de contacto<\/a> de este sitio web oa trav\u00e9s del n\u00famero de tel\u00e9fono: <a href=\"http:\/\/tel:%20669893092\/\" target=\"_blank\" rel=\"noopener\">669 893 092<\/a><\/li><\/ul><p>Puede presentar:<\/p><ul><li>Queja relativa al cumplimiento de los requisitos del RD 1112\/2018<\/li><li>Solicitud de informaci\u00f3n accesible relativa a:<ul><li>Contenidos que est\u00e1n excluidos del \u00e1mbito de aplicaci\u00f3n del RD 1112\/2018 seg\u00fan lo que establece el art\u00edculo 3, apartado 4<\/li><li>Contenidos que est\u00e1n exentos del cumplimiento de los requisitos de accesibilidad para imponer una carga desproporcionada<\/li><li>En la Solicitud de informaci\u00f3n accesible, se concretar\u00e1n, con toda claridad, los hechos, razones y petici\u00f3n que permitan constatar que se trata de una solicitud razonable y leg\u00edtima.<\/li><\/ul><\/li><\/ul><p>Las quejas y reclamaciones sobre informaci\u00f3n accesible se realizar\u00e1n a trav\u00e9s de la sede electr\u00f3nica (<a href=\"https:\/\/sede.red.gob.es\/procedimientos\/quejas-y-sugerencias\" target=\"_blank\" rel=\"noreferrer noopener\">https:\/\/sede.red.gob.es\/procedimientos\/quejas-y-sugerencias<\/a>), y ser\u00e1n recibidas y tratadas por el \u00e1rea de Sistemas de la Informaci\u00f3n de Red.es.<\/p><h3 class=\"wp-block-heading\">Observaciones y datos de contacto<\/h3><ul><li>Si desea cambiar el tama\u00f1o de la letra del texto en los principales navegadores gr\u00e1ficos utilice los siguientes men\u00fas:<\/li><li>Safari: Ver &gt; Hacer el texto m\u00e1s grande<\/li><li>Chrome: Controla la p\u00e1gina actual &gt; Tama\u00f1o del texto<\/li><\/ul><p>Para modificar el tama\u00f1o de todo en la p\u00e1gina:<\/p><ul><li>Ctrl++ para aumentarla<\/li><li>Ctrl+- para disminuirla<\/li><li>Ctrl+0 restaura el tama\u00f1o original del texto<\/li><li>Si lo que desea es anular la hoja de estilos o modificar el color del texto, puede consultar la p\u00e1gina How to Change Text Size o Colores de la WAI, que se puede leer traducida al espa\u00f1ol en \u00bfC\u00f3mo cambiar el tama\u00f1o del texto o colores?<\/li><\/ul>\t\t\t\t\t\t\t\t<\/div>\n\t\t\t\t<\/div>\n\t\t\t\t\t<\/div>\n\t\t\t\t<\/div>\n\t\t\t\t<\/div>","protected":false},"excerpt":{"rendered":"<p>REPARACIONES VIC RENT 2020 SL con NIF B67524553 se ha comprometido a hacer accesible su sitio web, de conformidad con el Real decreto 1112\/2018, de 7 de septiembre, sobre accesibilidad de los sitios web y aplicaciones para dispositivos m\u00f3viles del sector p\u00fablico. Esta declaraci\u00f3n de accesibilidad se aplica a esta web. Situaci\u00f3n de cumplimiento Este sitio web [\u2026]<\/p>","protected":false},"author":1,"featured_media":0,"parent":0,"menu_order":0,"comment_status":"closed","ping_status":"closed","template":"","meta":{"_acf_changed":false,"footnotes":""},"class_list":["post-16","page","type-page","status-publish","hentry"],"acf":[],"yoast_head":"<!-- This site is optimized with the Yoast SEO plugin v26.1.1 - https:\/\/yoast.com\/wordpress\/plugins\/seo\/ -->\n<title>Declaraci\u00f3 d&#039;accesibilitat - Reparacions Vic<\/title>\n<meta name=\"robots\" content=\"index, follow, max-snippet:-1, max-image-preview:large, max-video-preview:-1\" \/>\n<link rel=\"canonical\" href=\"https:\/\/reparacionsvic.com\/es\/declaracio-de-accesibilitat\/\" \/>\n<meta property=\"og:locale\" content=\"es_ES\" \/>\n<meta property=\"og:type\" content=\"article\" \/>\n<meta property=\"og:title\" content=\"Declaraci\u00f3 d&#039;accesibilitat - Reparacions Vic\" \/>\n<meta property=\"og:description\" content=\"REPARACIONS VIC RENT 2020 SL amb NIF B67524553 s&#8217;ha comprom\u00e8s a fer accessible el seu lloc web, de conformitat amb el Reial decret 1112\/2018, de 7 de setembre, sobre accessibilitat dels llocs web i aplicacions per a dispositius m\u00f2bils del sector p\u00fablic. Aquesta declaraci\u00f3 d&#8217;accessibilitat s&#8217;aplica a aquesta web. Situaci\u00f3 de compliment Aquest lloc web [&hellip;]\" \/>\n<meta property=\"og:url\" content=\"https:\/\/reparacionsvic.com\/es\/declaracio-de-accesibilitat\/\" \/>\n<meta property=\"og:site_name\" content=\"Reparacions Vic\" \/>\n<meta property=\"article:modified_time\" content=\"2025-04-16T09:09:55+00:00\" \/>\n<meta name=\"twitter:card\" content=\"summary_large_image\" \/>\n<meta name=\"twitter:label1\" content=\"Tiempo de lectura\" \/>\n\t<meta name=\"twitter:data1\" content=\"2 minutos\" \/>\n<script type=\"application\/ld+json\" class=\"yoast-schema-graph\">{\"@context\":\"https:\/\/schema.org\",\"@graph\":[{\"@type\":\"WebPage\",\"@id\":\"https:\/\/reparacionsvic.com\/declaracio-de-accesibilitat\/\",\"url\":\"https:\/\/reparacionsvic.com\/declaracio-de-accesibilitat\/\",\"name\":\"Declaraci\u00f3 d'accesibilitat - Reparacions Vic\",\"isPartOf\":{\"@id\":\"https:\/\/reparacionsvic.com\/#website\"},\"datePublished\":\"2025-04-07T09:11:11+00:00\",\"dateModified\":\"2025-04-16T09:09:55+00:00\",\"breadcrumb\":{\"@id\":\"https:\/\/reparacionsvic.com\/declaracio-de-accesibilitat\/#breadcrumb\"},\"inLanguage\":\"es\",\"potentialAction\":[{\"@type\":\"ReadAction\",\"target\":[\"https:\/\/reparacionsvic.com\/declaracio-de-accesibilitat\/\"]}]},{\"@type\":\"BreadcrumbList\",\"@id\":\"https:\/\/reparacionsvic.com\/declaracio-de-accesibilitat\/#breadcrumb\",\"itemListElement\":[{\"@type\":\"ListItem\",\"position\":1,\"name\":\"Inici\",\"item\":\"https:\/\/reparacionsvic.com\/\"},{\"@type\":\"ListItem\",\"position\":2,\"name\":\"Declaraci\u00f3 d&#8217;accesibilitat\"}]},{\"@type\":\"WebSite\",\"@id\":\"https:\/\/reparacionsvic.com\/#website\",\"url\":\"https:\/\/reparacionsvic.com\/\",\"name\":\"Reparacions vic\",\"description\":\"Venta, lloguer i reparaci\u00f3 de maquin\u00e0ria a Vic\",\"potentialAction\":[{\"@type\":\"SearchAction\",\"target\":{\"@type\":\"EntryPoint\",\"urlTemplate\":\"https:\/\/reparacionsvic.com\/?s={search_term_string}\"},\"query-input\":{\"@type\":\"PropertyValueSpecification\",\"valueRequired\":true,\"valueName\":\"search_term_string\"}}],\"inLanguage\":\"es\"}]}<\/script>\n<!-- \/ Yoast SEO plugin. -->","yoast_head_json":{"title":"Declaraci\u00f3n de accesibilidad - Reparaciones Vic","robots":{"index":"index","follow":"follow","max-snippet":"max-snippet:-1","max-image-preview":"max-image-preview:large","max-video-preview":"max-video-preview:-1"},"canonical":"https:\/\/reparacionsvic.com\/es\/declaracio-de-accesibilitat\/","og_locale":"es_ES","og_type":"article","og_title":"Declaraci\u00f3 d'accesibilitat - Reparacions Vic","og_description":"REPARACIONS VIC RENT 2020 SL amb NIF B67524553 s&#8217;ha comprom\u00e8s a fer accessible el seu lloc web, de conformitat amb el Reial decret 1112\/2018, de 7 de setembre, sobre accessibilitat dels llocs web i aplicacions per a dispositius m\u00f2bils del sector p\u00fablic. Aquesta declaraci\u00f3 d&#8217;accessibilitat s&#8217;aplica a aquesta web. Situaci\u00f3 de compliment Aquest lloc web [&hellip;]","og_url":"https:\/\/reparacionsvic.com\/es\/declaracio-de-accesibilitat\/","og_site_name":"Reparacions Vic","article_modified_time":"2025-04-16T09:09:55+00:00","twitter_card":"summary_large_image","twitter_misc":{"Tiempo de lectura":"2 minutos"},"schema":{"@context":"https:\/\/schema.org","@graph":[{"@type":"WebPage","@id":"https:\/\/reparacionsvic.com\/declaracio-de-accesibilitat\/","url":"https:\/\/reparacionsvic.com\/declaracio-de-accesibilitat\/","name":"Declaraci\u00f3n de accesibilidad - Reparaciones Vic","isPartOf":{"@id":"https:\/\/reparacionsvic.com\/#website"},"datePublished":"2025-04-07T09:11:11+00:00","dateModified":"2025-04-16T09:09:55+00:00","breadcrumb":{"@id":"https:\/\/reparacionsvic.com\/declaracio-de-accesibilitat\/#breadcrumb"},"inLanguage":"es","potentialAction":[{"@type":"ReadAction","target":["https:\/\/reparacionsvic.com\/declaracio-de-accesibilitat\/"]}]},{"@type":"BreadcrumbList","@id":"https:\/\/reparacionsvic.com\/declaracio-de-accesibilitat\/#breadcrumb","itemListElement":[{"@type":"ListItem","position":1,"name":"Inici","item":"https:\/\/reparacionsvic.com\/"},{"@type":"ListItem","position":2,"name":"Declaraci\u00f3 d&#8217;accesibilitat"}]},{"@type":"WebSite","@id":"https:\/\/reparacionsvic.com\/#website","url":"https:\/\/reparacionsvic.com\/","name":"Reparaciones vic","description":"Venta, alquiler y reparaci\u00f3n de maquinaria en Vic","potentialAction":[{"@type":"SearchAction","target":{"@type":"EntryPoint","urlTemplate":"https:\/\/reparacionsvic.com\/?s={search_term_string}"},"query-input":{"@type":"PropertyValueSpecification","valueRequired":true,"valueName":"search_term_string"}}],"inLanguage":"es"}]}},"_links":{"self":[{"href":"https:\/\/reparacionsvic.com\/es\/wp-json\/wp\/v2\/pages\/16","targetHints":{"allow":["GET"]}}],"collection":[{"href":"https:\/\/reparacionsvic.com\/es\/wp-json\/wp\/v2\/pages"}],"about":[{"href":"https:\/\/reparacionsvic.com\/es\/wp-json\/wp\/v2\/types\/page"}],"author":[{"embeddable":true,"href":"https:\/\/reparacionsvic.com\/es\/wp-json\/wp\/v2\/users\/1"}],"replies":[{"embeddable":true,"href":"https:\/\/reparacionsvic.com\/es\/wp-json\/wp\/v2\/comments?post=16"}],"version-history":[{"count":19,"href":"https:\/\/reparacionsvic.com\/es\/wp-json\/wp\/v2\/pages\/16\/revisions"}],"predecessor-version":[{"id":1013,"href":"https:\/\/reparacionsvic.com\/es\/wp-json\/wp\/v2\/pages\/16\/revisions\/1013"}],"wp:attachment":[{"href":"https:\/\/reparacionsvic.com\/es\/wp-json\/wp\/v2\/media?parent=16"}],"curies":[{"name":"wp","href":"https:\/\/api.w.org\/{rel}","templated":true}]}}

Declaración de accesibilidad

<div data-elementor-type="wp-page" data-elementor-id="16" class="elementor elementor-16" data-elementor-post-type="page">
				<div class="elementor-element elementor-element-13fdff2 e-flex e-con-boxed e-con e-parent" data-id="13fdff2" data-element_type="container" data-settings="{&quot;background_background&quot;:&quot;classic&quot;}">
					<div class="e-con-inner">
		<div class="elementor-element elementor-element-6752aa14 e-con-full e-flex e-con e-child" data-id="6752aa14" data-element_type="container">
				<div class="elementor-element elementor-element-2950c6d1 elementor-widget__width-inherit elementor-widget elementor-widget-heading" data-id="2950c6d1" data-element_type="widget" data-widget_type="heading.default">
				<div class="elementor-widget-container">
					<h1 class="elementor-heading-title elementor-size-default">Declaración de accesibilidad</h1>				</div>
				</div>
				</div>
					</div>
				</div>
		<div class="elementor-element elementor-element-60a35494 e-flex e-con-boxed e-con e-parent" data-id="60a35494" data-element_type="container">
					<div class="e-con-inner">
				<div class="elementor-element elementor-element-7a359634 elementor-widget elementor-widget-text-editor" data-id="7a359634" data-element_type="widget" data-widget_type="text-editor.default">
				<div class="elementor-widget-container">
									<p>REPARACIONES VIC RENT 2020 SL con NIF B67524553 se ha comprometido a hacer accesible su sitio web, de conformidad con el Real decreto 1112/2018, de 7 de septiembre, sobre accesibilidad de los sitios web y aplicaciones para dispositivos móviles del sector público.</p><h3 class="wp-block-heading">Situación de cumplimiento</h3><p>Este sitio web está desarrollado de acuerdo con el RD 1112/2018.</p><h3 class="wp-block-heading">Preparación para la siguiente declaración de accesibilidad</h3><p>Esta declaración fue preparada el 20 de mayo de 2023</p><p>El método empleado para preparar la declaración ha sido una autoevaluación.</p><h3 class="wp-block-heading">Contenido opcional</h3><p>Puede realizar comunicaciones sobre requisitos de accesibilidad (artículo 10.2.a del RD 1112/2018) como:</p><ul><li>Informar sobre cualquier posible incumplimiento por parte de este sitio web</li><li>Transmitir otras dificultades de acceso al contenido</li><li>Formular cualquier otra consulta o sugerencia de mejora relativa a la accesibilidad del sitio web a través del <a href="/es/contacto/">formulario de contacto</a> de este sitio web oa través del número de teléfono: <a href="http://tel:%20669893092/" target="_blank" rel="noopener">669 893 092</a></li></ul><p>Puede presentar:</p><ul><li>Queja relativa al cumplimiento de los requisitos del RD 1112/2018</li><li>Solicitud de información accesible relativa a:<ul><li>Contenidos que están excluidos del ámbito de aplicación del RD 1112/2018 según lo que establece el artículo 3, apartado 4</li><li>Contenidos que están exentos del cumplimiento de los requisitos de accesibilidad para imponer una carga desproporcionada</li><li>En la Solicitud de información accesible, se concretarán, con toda claridad, los hechos, razones y petición que permitan constatar que se trata de una solicitud razonable y legítima.</li></ul></li></ul><p>Las quejas y reclamaciones sobre información accesible se realizarán a través de la sede electrónica (<a href="https://sede.red.gob.es/procedimientos/quejas-y-sugerencias" target="_blank" rel="noreferrer noopener">https://sede.red.gob.es/procedimientos/quejas-y-sugerencias</a>), y serán recibidas y tratadas por el área de Sistemas de la Información de Red.es.</p><h3 class="wp-block-heading">Observaciones y datos de contacto</h3><ul><li>Si desea cambiar el tamaño de la letra del texto en los principales navegadores gráficos utilice los siguientes menús:</li><li>Safari: Ver &gt; Hacer el texto más grande</li><li>Chrome: Controla la página actual &gt; Tamaño del texto</li></ul><p>Para modificar el tamaño de todo en la página:</p><ul><li>Ctrl++ para aumentarla</li><li>Ctrl+- para disminuirla</li><li>Ctrl+0 restaura el tamaño original del texto</li><li>Si lo que desea es anular la hoja de estilos o modificar el color del texto, puede consultar la página How to Change Text Size o Colores de la WAI, que se puede leer traducida al español en ¿Cómo cambiar el tamaño del texto o colores?</li></ul>								</div>
				</div>
					</div>
				</div>
				</div>

<p>REPARACIONES VIC RENT 2020 SL con NIF B67524553 se ha comprometido a hacer accesible su sitio web, de conformidad con el Real decreto 1112/2018, de 7 de septiembre, sobre accesibilidad de los sitios web y aplicaciones para dispositivos móviles del sector público. Esta declaración de accesibilidad se aplica a esta web. Situación de cumplimiento Este sitio web […]</p>

<!-- This site is optimized with the Yoast SEO plugin v26.1.1 - https://yoast.com/wordpress/plugins/seo/ -->
<title>Declaració d&#039;accesibilitat - Reparacions Vic</title>
<meta name="robots" content="index, follow, max-snippet:-1, max-image-preview:large, max-video-preview:-1" />
<link rel="canonical" href="https://reparacionsvic.com/es/declaracio-de-accesibilitat/" />
<meta property="og:locale" content="es_ES" />
<meta property="og:type" content="article" />
<meta property="og:title" content="Declaració d&#039;accesibilitat - Reparacions Vic" />
<meta property="og:description" content="REPARACIONS VIC RENT 2020 SL amb NIF B67524553 s&#8217;ha compromès a fer accessible el seu lloc web, de conformitat amb el Reial decret 1112/2018, de 7 de setembre, sobre accessibilitat dels llocs web i aplicacions per a dispositius mòbils del sector públic. Aquesta declaració d&#8217;accessibilitat s&#8217;aplica a aquesta web. Situació de compliment Aquest lloc web [&hellip;]" />
<meta property="og:url" content="https://reparacionsvic.com/es/declaracio-de-accesibilitat/" />
<meta property="og:site_name" content="Reparacions Vic" />
<meta property="article:modified_time" content="2025-04-16T09:09:55+00:00" />
<meta name="twitter:card" content="summary_large_image" />
<meta name="twitter:label1" content="Tiempo de lectura" />
	<meta name="twitter:data1" content="2 minutos" />
<script type="application/ld+json" class="yoast-schema-graph">{"@context":"https://schema.org","@graph":[{"@type":"WebPage","@id":"https://reparacionsvic.com/declaracio-de-accesibilitat/","url":"https://reparacionsvic.com/declaracio-de-accesibilitat/","name":"Declaració d'accesibilitat - Reparacions Vic","isPartOf":{"@id":"https://reparacionsvic.com/#website"},"datePublished":"2025-04-07T09:11:11+00:00","dateModified":"2025-04-16T09:09:55+00:00","breadcrumb":{"@id":"https://reparacionsvic.com/declaracio-de-accesibilitat/#breadcrumb"},"inLanguage":"es","potentialAction":[{"@type":"ReadAction","target":["https://reparacionsvic.com/declaracio-de-accesibilitat/"]}]},{"@type":"BreadcrumbList","@id":"https://reparacionsvic.com/declaracio-de-accesibilitat/#breadcrumb","itemListElement":[{"@type":"ListItem","position":1,"name":"Inici","item":"https://reparacionsvic.com/"},{"@type":"ListItem","position":2,"name":"Declaració d&#8217;accesibilitat"}]},{"@type":"WebSite","@id":"https://reparacionsvic.com/#website","url":"https://reparacionsvic.com/","name":"Reparacions vic","description":"Venta, lloguer i reparació de maquinària a Vic","potentialAction":[{"@type":"SearchAction","target":{"@type":"EntryPoint","urlTemplate":"https://reparacionsvic.com/?s={search_term_string}"},"query-input":{"@type":"PropertyValueSpecification","valueRequired":true,"valueName":"search_term_string"}}],"inLanguage":"es"}]}</script>
<!-- / Yoast SEO plugin. -->

Declaración de accesibilidad - Reparaciones Vic

Declaració d'accesibilitat - Reparacions Vic

REPARACIONS VIC RENT 2020 SL amb NIF B67524553 s&#8217;ha compromès a fer accessible el seu lloc web, de conformitat amb el Reial decret 1112/2018, de 7 de setembre, sobre accessibilitat dels llocs web i aplicacions per a dispositius mòbils del sector públic. Aquesta declaració d&#8217;accessibilitat s&#8217;aplica a aquesta web. Situació de compliment Aquest lloc web [&hellip;]

Declaració d&#8217;accesibilitat

Venta, alquiler y reparación de maquinaria en Vic
