{"id":22,"date":"2025-04-07T09:11:11","date_gmt":"2025-04-07T09:11:11","guid":{"rendered":"https:\/\/reparacionsvic.com\/politica-de-privacidad\/"},"modified":"2025-04-16T09:04:18","modified_gmt":"2025-04-16T09:04:18","slug":"politica-de-privacitat","status":"publish","type":"page","link":"https:\/\/reparacionsvic.com\/es\/politica-de-privacitat\/","title":{"rendered":"Pol\u00edtica de privacidad"},"content":{"rendered":"<div data-elementor-type=\"wp-page\" data-elementor-id=\"22\" class=\"elementor elementor-22\" data-elementor-post-type=\"page\">\n\t\t\t\t<div class=\"elementor-element elementor-element-2fdfca12 e-flex e-con-boxed e-con e-parent\" data-id=\"2fdfca12\" data-element_type=\"container\" data-settings=\"{&quot;background_background&quot;:&quot;classic&quot;}\">\n\t\t\t\t\t<div class=\"e-con-inner\">\n\t\t<div class=\"elementor-element elementor-element-4b648af1 e-con-full e-flex e-con e-child\" data-id=\"4b648af1\" data-element_type=\"container\">\n\t\t\t\t<div class=\"elementor-element elementor-element-6ed3a3bd elementor-widget__width-inherit elementor-widget elementor-widget-heading\" data-id=\"6ed3a3bd\" data-element_type=\"widget\" data-widget_type=\"heading.default\">\n\t\t\t\t<div class=\"elementor-widget-container\">\n\t\t\t\t\t<h1 class=\"elementor-heading-title elementor-size-default\">Pol\u00edtica de privacidad<\/h1>\t\t\t\t<\/div>\n\t\t\t\t<\/div>\n\t\t\t\t<\/div>\n\t\t\t\t\t<\/div>\n\t\t\t\t<\/div>\n\t\t<div class=\"elementor-element elementor-element-1e8d819a e-flex e-con-boxed e-con e-parent\" data-id=\"1e8d819a\" data-element_type=\"container\">\n\t\t\t\t\t<div class=\"e-con-inner\">\n\t\t\t\t<div class=\"elementor-element elementor-element-25403fbf elementor-widget elementor-widget-text-editor\" data-id=\"25403fbf\" data-element_type=\"widget\" data-widget_type=\"text-editor.default\">\n\t\t\t\t<div class=\"elementor-widget-container\">\n\t\t\t\t\t\t\t\t\t<h3>1.- INFORMACI\u00d3N AL USUARIO<\/h3><p>El sitio web informa a los usuarios del sitio web sobre su pol\u00edtica respecto al tratamiento y protecci\u00f3n de los datos de car\u00e1cter personal de los usuarios y clientes que puedan ser solicitados por la navegaci\u00f3n a trav\u00e9s de su sitio web. El sitio web es el Responsable del tratamiento de los datos personales del usuario, por lo que se le facilita la siguiente informaci\u00f3n referente al tratamiento de sus datos:\u00a0<strong>Criterios de conservaci\u00f3n de los datos<\/strong>: Los datos personales proporcionados se conservar\u00e1n hasta que no se solicite su suspensi\u00f3n por parte del interesado, ejerciendo sus derechos sobre los datos, y en todo caso en cumplimiento de plazos legales de prescripci\u00f3n que le sean aplicables.\u00a0<strong>Derechos de los interesados<\/strong>:<\/p><ul><li>Derecho a retirar su consentimiento en cualquier momento.<\/li><li>Derecho de acceso, rectificaci\u00f3n, supresi\u00f3n, portabilidad de sus datos y la limitaci\u00f3n u oposici\u00f3n de su tratamiento, as\u00ed como a no ser objeto de decisiones individuales automatizadas.<\/li><\/ul><p><strong>Datos de contacto para ejercer sus derechos<\/strong>: Se debe identificar debidamente y solicitar claramente el derecho que se quiere ejercer.<\/p><ul><li>Nombre: REPARACIONES VIC RENT 2020 SL con NIF <span style=\"font-weight: 400;\">B67524553<\/span><\/li><li>Direcci\u00f3n: C\/ Sot dels Pradals, 26, <span style=\"font-weight: 400;\">08500 Vic (Barcelona)<\/span><b><br \/><\/b><\/li><li>Tel\u00e9fono: <span style=\"font-weight: 400;\">669 893 092<\/span><\/li><li>Correo electr\u00f3nico: <a href=\"mailto:admin@reparacionsvic.com\"><span style=\"font-weight: 400;\">admin@reparacionsvic.com<\/span><\/a><\/li><li>\u00a0<\/li><\/ul><h3>2.- INFORMACI\u00d3N FACILITADA POR EL USUARIO<\/h3><p>Si es menor de 18 a\u00f1os, no est\u00e1 permitido el uso de formularios en nuestro sitio web.<\/p><p>Los Usuarios, introduciendo sus datos en los formularios de contacto o presentados en formularios de descarga, aceptan expresa y libremente e inequ\u00edvocamente, que sus datos son necesarios para atender su petici\u00f3n, por parte del Responsable, siendo voluntaria la inclusi\u00f3n de datos en los campos restantes.<\/p><p>El Usuario garantiza que los datos personales facilitados son veraces y se hace responsable de comunicar cualquier modificaci\u00f3n.<\/p><p>Todos los datos solicitados a trav\u00e9s del sitio web son necesarios para prestar un servicio \u00f3ptimo al Usuario. En caso de que no sean facilitados todos los datos, no se garantiza que la informaci\u00f3n y servicios que el Responsable le facilite sean completamente ajustados a sus necesidades.<\/p><h3>3.- MEDIDAS DE SEGURIDAD<\/h3><p>De acuerdo con lo dispuesto en las normativas vigentes en materia de protecci\u00f3n de datos personales, el Responsable est\u00e1 cumpliendo con todas las disposiciones de las normativas RGPD y LOPD para el tratamiento de los datos personales de su responsabilidad, las cuales son tratadas de forma l\u00edcita, leal y transparente en relaci\u00f3n con el interesado, y adecuadas, en relaci\u00f3n con los fines pertinentes y limitadas a lo que es necesario.<\/p><p>El Responsable garantiza que ha implementado pol\u00edticas t\u00e9cnicas y organizativas apropiadas para aplicar las medidas de seguridad establecidas por el RGPD y la LOPD para proteger los derechos y libertades de los Usuarios y les ha comunicado la informaci\u00f3n adecuada para que puedan ejercerlos.<\/p><h3>4.- BRECHAS DE SEGURIDAD<\/h3><p>El Responsable informar\u00e1 sobre cualquier brecha de seguridad que afecte a la base de datos que utiliza este sitio web, o que afecte a cualquiera de nuestros servicios de terceros, todas y cada una de las personas, datos de los que puedan haber sido afectados, y autoridades, dentro de las 72 horas siguientes a la detecci\u00f3n de la brecha.<\/p><h3>5.- LEGISLACI\u00d3N APLICABLE Y JURISDICCI\u00d3N<\/h3><p>Para la resoluci\u00f3n de todas las controversias o cuestiones relacionadas con el presente sitio web o de las actividades que se desarrollen, ser\u00e1 de aplicaci\u00f3n la legislaci\u00f3n espa\u00f1ola, a la que se someten expresamente las partes, siendo competentes para la resoluci\u00f3n de todos los conflictos derivados o relacionados con el uso de los Juzgados y Tribunales de Barcelona.<\/p>\t\t\t\t\t\t\t\t<\/div>\n\t\t\t\t<\/div>\n\t\t\t\t\t<\/div>\n\t\t\t\t<\/div>\n\t\t\t\t<\/div>","protected":false},"excerpt":{"rendered":"<p>1.- INFORMACI\u00d3N AL USUARIO El sitio web informa a los usuarios del sitio web sobre su pol\u00edtica respecto al tratamiento y protecci\u00f3n de los datos de car\u00e1cter personal de los usuarios y clientes que puedan ser solicitados por la navegaci\u00f3n a trav\u00e9s de su sitio web. El sitio web es el Responsable del tratamiento de las [\u2026]<\/p>","protected":false},"author":1,"featured_media":0,"parent":0,"menu_order":0,"comment_status":"closed","ping_status":"closed","template":"","meta":{"_acf_changed":false,"footnotes":""},"class_list":["post-22","page","type-page","status-publish","hentry"],"acf":[],"yoast_head":"<!-- This site is optimized with the Yoast SEO plugin v26.1.1 - https:\/\/yoast.com\/wordpress\/plugins\/seo\/ -->\n<title>Pol\u00edtica de privacitat - Reparacions Vic<\/title>\n<meta name=\"robots\" content=\"index, follow, max-snippet:-1, max-image-preview:large, max-video-preview:-1\" \/>\n<link rel=\"canonical\" href=\"https:\/\/reparacionsvic.com\/es\/politica-de-privacitat\/\" \/>\n<meta property=\"og:locale\" content=\"es_ES\" \/>\n<meta property=\"og:type\" content=\"article\" \/>\n<meta property=\"og:title\" content=\"Pol\u00edtica de privacitat - Reparacions Vic\" \/>\n<meta property=\"og:description\" content=\"1.- INFORMACI\u00d3 A L&#8217;USUARI El lloc web informa als usuaris del lloc web sobre la seva pol\u00edtica respecte al tractament i protecci\u00f3 de les dades de car\u00e0cter personal dels usuaris i clients que puguin ser sol\u00b7licitades per la navegaci\u00f3 a trav\u00e9s del seu lloc web. El lloc web \u00e9s el Responsable del tractament de les [&hellip;]\" \/>\n<meta property=\"og:url\" content=\"https:\/\/reparacionsvic.com\/es\/politica-de-privacitat\/\" \/>\n<meta property=\"og:site_name\" content=\"Reparacions Vic\" \/>\n<meta property=\"article:modified_time\" content=\"2025-04-16T09:04:18+00:00\" \/>\n<meta name=\"twitter:card\" content=\"summary_large_image\" \/>\n<meta name=\"twitter:label1\" content=\"Tiempo de lectura\" \/>\n\t<meta name=\"twitter:data1\" content=\"3 minutos\" \/>\n<script type=\"application\/ld+json\" class=\"yoast-schema-graph\">{\"@context\":\"https:\/\/schema.org\",\"@graph\":[{\"@type\":\"WebPage\",\"@id\":\"https:\/\/reparacionsvic.com\/politica-de-privacitat\/\",\"url\":\"https:\/\/reparacionsvic.com\/politica-de-privacitat\/\",\"name\":\"Pol\u00edtica de privacitat - Reparacions Vic\",\"isPartOf\":{\"@id\":\"https:\/\/reparacionsvic.com\/#website\"},\"datePublished\":\"2025-04-07T09:11:11+00:00\",\"dateModified\":\"2025-04-16T09:04:18+00:00\",\"breadcrumb\":{\"@id\":\"https:\/\/reparacionsvic.com\/politica-de-privacitat\/#breadcrumb\"},\"inLanguage\":\"es\",\"potentialAction\":[{\"@type\":\"ReadAction\",\"target\":[\"https:\/\/reparacionsvic.com\/politica-de-privacitat\/\"]}]},{\"@type\":\"BreadcrumbList\",\"@id\":\"https:\/\/reparacionsvic.com\/politica-de-privacitat\/#breadcrumb\",\"itemListElement\":[{\"@type\":\"ListItem\",\"position\":1,\"name\":\"Inici\",\"item\":\"https:\/\/reparacionsvic.com\/\"},{\"@type\":\"ListItem\",\"position\":2,\"name\":\"Pol\u00edtica de privacitat\"}]},{\"@type\":\"WebSite\",\"@id\":\"https:\/\/reparacionsvic.com\/#website\",\"url\":\"https:\/\/reparacionsvic.com\/\",\"name\":\"Reparacions vic\",\"description\":\"Venta, lloguer i reparaci\u00f3 de maquin\u00e0ria a Vic\",\"potentialAction\":[{\"@type\":\"SearchAction\",\"target\":{\"@type\":\"EntryPoint\",\"urlTemplate\":\"https:\/\/reparacionsvic.com\/?s={search_term_string}\"},\"query-input\":{\"@type\":\"PropertyValueSpecification\",\"valueRequired\":true,\"valueName\":\"search_term_string\"}}],\"inLanguage\":\"es\"}]}<\/script>\n<!-- \/ Yoast SEO plugin. -->","yoast_head_json":{"title":"Pol\u00edtica de privacidad - Reparaciones Vic","robots":{"index":"index","follow":"follow","max-snippet":"max-snippet:-1","max-image-preview":"max-image-preview:large","max-video-preview":"max-video-preview:-1"},"canonical":"https:\/\/reparacionsvic.com\/es\/politica-de-privacitat\/","og_locale":"es_ES","og_type":"article","og_title":"Pol\u00edtica de privacitat - Reparacions Vic","og_description":"1.- INFORMACI\u00d3 A L&#8217;USUARI El lloc web informa als usuaris del lloc web sobre la seva pol\u00edtica respecte al tractament i protecci\u00f3 de les dades de car\u00e0cter personal dels usuaris i clients que puguin ser sol\u00b7licitades per la navegaci\u00f3 a trav\u00e9s del seu lloc web. El lloc web \u00e9s el Responsable del tractament de les [&hellip;]","og_url":"https:\/\/reparacionsvic.com\/es\/politica-de-privacitat\/","og_site_name":"Reparacions Vic","article_modified_time":"2025-04-16T09:04:18+00:00","twitter_card":"summary_large_image","twitter_misc":{"Tiempo de lectura":"3 minutos"},"schema":{"@context":"https:\/\/schema.org","@graph":[{"@type":"WebPage","@id":"https:\/\/reparacionsvic.com\/politica-de-privacitat\/","url":"https:\/\/reparacionsvic.com\/politica-de-privacitat\/","name":"Pol\u00edtica de privacidad - Reparaciones Vic","isPartOf":{"@id":"https:\/\/reparacionsvic.com\/#website"},"datePublished":"2025-04-07T09:11:11+00:00","dateModified":"2025-04-16T09:04:18+00:00","breadcrumb":{"@id":"https:\/\/reparacionsvic.com\/politica-de-privacitat\/#breadcrumb"},"inLanguage":"es","potentialAction":[{"@type":"ReadAction","target":["https:\/\/reparacionsvic.com\/politica-de-privacitat\/"]}]},{"@type":"BreadcrumbList","@id":"https:\/\/reparacionsvic.com\/politica-de-privacitat\/#breadcrumb","itemListElement":[{"@type":"ListItem","position":1,"name":"Inici","item":"https:\/\/reparacionsvic.com\/"},{"@type":"ListItem","position":2,"name":"Pol\u00edtica de privacitat"}]},{"@type":"WebSite","@id":"https:\/\/reparacionsvic.com\/#website","url":"https:\/\/reparacionsvic.com\/","name":"Reparaciones vic","description":"Venta, alquiler y reparaci\u00f3n de maquinaria en Vic","potentialAction":[{"@type":"SearchAction","target":{"@type":"EntryPoint","urlTemplate":"https:\/\/reparacionsvic.com\/?s={search_term_string}"},"query-input":{"@type":"PropertyValueSpecification","valueRequired":true,"valueName":"search_term_string"}}],"inLanguage":"es"}]}},"_links":{"self":[{"href":"https:\/\/reparacionsvic.com\/es\/wp-json\/wp\/v2\/pages\/22","targetHints":{"allow":["GET"]}}],"collection":[{"href":"https:\/\/reparacionsvic.com\/es\/wp-json\/wp\/v2\/pages"}],"about":[{"href":"https:\/\/reparacionsvic.com\/es\/wp-json\/wp\/v2\/types\/page"}],"author":[{"embeddable":true,"href":"https:\/\/reparacionsvic.com\/es\/wp-json\/wp\/v2\/users\/1"}],"replies":[{"embeddable":true,"href":"https:\/\/reparacionsvic.com\/es\/wp-json\/wp\/v2\/comments?post=22"}],"version-history":[{"count":14,"href":"https:\/\/reparacionsvic.com\/es\/wp-json\/wp\/v2\/pages\/22\/revisions"}],"predecessor-version":[{"id":994,"href":"https:\/\/reparacionsvic.com\/es\/wp-json\/wp\/v2\/pages\/22\/revisions\/994"}],"wp:attachment":[{"href":"https:\/\/reparacionsvic.com\/es\/wp-json\/wp\/v2\/media?parent=22"}],"curies":[{"name":"wp","href":"https:\/\/api.w.org\/{rel}","templated":true}]}}

Política de privacidad

<div data-elementor-type="wp-page" data-elementor-id="22" class="elementor elementor-22" data-elementor-post-type="page">
				<div class="elementor-element elementor-element-2fdfca12 e-flex e-con-boxed e-con e-parent" data-id="2fdfca12" data-element_type="container" data-settings="{&quot;background_background&quot;:&quot;classic&quot;}">
					<div class="e-con-inner">
		<div class="elementor-element elementor-element-4b648af1 e-con-full e-flex e-con e-child" data-id="4b648af1" data-element_type="container">
				<div class="elementor-element elementor-element-6ed3a3bd elementor-widget__width-inherit elementor-widget elementor-widget-heading" data-id="6ed3a3bd" data-element_type="widget" data-widget_type="heading.default">
				<div class="elementor-widget-container">
					<h1 class="elementor-heading-title elementor-size-default">Política de privacidad</h1>				</div>
				</div>
				</div>
					</div>
				</div>
		<div class="elementor-element elementor-element-1e8d819a e-flex e-con-boxed e-con e-parent" data-id="1e8d819a" data-element_type="container">
					<div class="e-con-inner">
				<div class="elementor-element elementor-element-25403fbf elementor-widget elementor-widget-text-editor" data-id="25403fbf" data-element_type="widget" data-widget_type="text-editor.default">
				<div class="elementor-widget-container">
									<h3>1.- INFORMACIÓN AL USUARIO</h3><p>El sitio web informa a los usuarios del sitio web sobre su política respecto al tratamiento y protección de los datos de carácter personal de los usuarios y clientes que puedan ser solicitados por la navegación a través de su sitio web. El sitio web es el Responsable del tratamiento de los datos personales del usuario, por lo que se le facilita la siguiente información referente al tratamiento de sus datos: <strong>Criterios de conservación de los datos</strong>: Los datos personales proporcionados se conservarán hasta que no se solicite su suspensión por parte del interesado, ejerciendo sus derechos sobre los datos, y en todo caso en cumplimiento de plazos legales de prescripción que le sean aplicables. <strong>Derechos de los interesados</strong>:</p><ul><li>Derecho a retirar su consentimiento en cualquier momento.</li><li>Derecho de acceso, rectificación, supresión, portabilidad de sus datos y la limitación u oposición de su tratamiento, así como a no ser objeto de decisiones individuales automatizadas.</li></ul><p><strong>Datos de contacto para ejercer sus derechos</strong>: Se debe identificar debidamente y solicitar claramente el derecho que se quiere ejercer.</p><ul><li>Nombre: REPARACIONES VIC RENT 2020 SL con NIF <span style="font-weight: 400;">B67524553</span></li><li>Dirección: C/ Sot dels Pradals, 26, <span style="font-weight: 400;">08500 Vic (Barcelona)</span><b><br /></b></li><li>Teléfono: <span style="font-weight: 400;">669 893 092</span></li><li>Correo electrónico: <a href="mailto:admin@reparacionsvic.com"><span style="font-weight: 400;">admin@reparacionsvic.com</span></a></li><li> </li></ul><h3>2.- INFORMACIÓN FACILITADA POR EL USUARIO</h3><p>Si es menor de 18 años, no está permitido el uso de formularios en nuestro sitio web.</p><p>Los Usuarios, introduciendo sus datos en los formularios de contacto o presentados en formularios de descarga, aceptan expresa y libremente e inequívocamente, que sus datos son necesarios para atender su petición, por parte del Responsable, siendo voluntaria la inclusión de datos en los campos restantes.</p><p>El Usuario garantiza que los datos personales facilitados son veraces y se hace responsable de comunicar cualquier modificación.</p><p>Todos los datos solicitados a través del sitio web son necesarios para prestar un servicio óptimo al Usuario. En caso de que no sean facilitados todos los datos, no se garantiza que la información y servicios que el Responsable le facilite sean completamente ajustados a sus necesidades.</p><h3>3.- MEDIDAS DE SEGURIDAD</h3><p>De acuerdo con lo dispuesto en las normativas vigentes en materia de protección de datos personales, el Responsable está cumpliendo con todas las disposiciones de las normativas RGPD y LOPD para el tratamiento de los datos personales de su responsabilidad, las cuales son tratadas de forma lícita, leal y transparente en relación con el interesado, y adecuadas, en relación con los fines pertinentes y limitadas a lo que es necesario.</p><p>El Responsable garantiza que ha implementado políticas técnicas y organizativas apropiadas para aplicar las medidas de seguridad establecidas por el RGPD y la LOPD para proteger los derechos y libertades de los Usuarios y les ha comunicado la información adecuada para que puedan ejercerlos.</p><h3>4.- BRECHAS DE SEGURIDAD</h3><p>El Responsable informará sobre cualquier brecha de seguridad que afecte a la base de datos que utiliza este sitio web, o que afecte a cualquiera de nuestros servicios de terceros, todas y cada una de las personas, datos de los que puedan haber sido afectados, y autoridades, dentro de las 72 horas siguientes a la detección de la brecha.</p><h3>5.- LEGISLACIÓN APLICABLE Y JURISDICCIÓN</h3><p>Para la resolución de todas las controversias o cuestiones relacionadas con el presente sitio web o de las actividades que se desarrollen, será de aplicación la legislación española, a la que se someten expresamente las partes, siendo competentes para la resolución de todos los conflictos derivados o relacionados con el uso de los Juzgados y Tribunales de Barcelona.</p>								</div>
				</div>
					</div>
				</div>
				</div>

<p>1.- INFORMACIÓN AL USUARIO El sitio web informa a los usuarios del sitio web sobre su política respecto al tratamiento y protección de los datos de carácter personal de los usuarios y clientes que puedan ser solicitados por la navegación a través de su sitio web. El sitio web es el Responsable del tratamiento de las […]</p>

<!-- This site is optimized with the Yoast SEO plugin v26.1.1 - https://yoast.com/wordpress/plugins/seo/ -->
<title>Política de privacitat - Reparacions Vic</title>
<meta name="robots" content="index, follow, max-snippet:-1, max-image-preview:large, max-video-preview:-1" />
<link rel="canonical" href="https://reparacionsvic.com/es/politica-de-privacitat/" />
<meta property="og:locale" content="es_ES" />
<meta property="og:type" content="article" />
<meta property="og:title" content="Política de privacitat - Reparacions Vic" />
<meta property="og:description" content="1.- INFORMACIÓ A L&#8217;USUARI El lloc web informa als usuaris del lloc web sobre la seva política respecte al tractament i protecció de les dades de caràcter personal dels usuaris i clients que puguin ser sol·licitades per la navegació a través del seu lloc web. El lloc web és el Responsable del tractament de les [&hellip;]" />
<meta property="og:url" content="https://reparacionsvic.com/es/politica-de-privacitat/" />
<meta property="og:site_name" content="Reparacions Vic" />
<meta property="article:modified_time" content="2025-04-16T09:04:18+00:00" />
<meta name="twitter:card" content="summary_large_image" />
<meta name="twitter:label1" content="Tiempo de lectura" />
	<meta name="twitter:data1" content="3 minutos" />
<script type="application/ld+json" class="yoast-schema-graph">{"@context":"https://schema.org","@graph":[{"@type":"WebPage","@id":"https://reparacionsvic.com/politica-de-privacitat/","url":"https://reparacionsvic.com/politica-de-privacitat/","name":"Política de privacitat - Reparacions Vic","isPartOf":{"@id":"https://reparacionsvic.com/#website"},"datePublished":"2025-04-07T09:11:11+00:00","dateModified":"2025-04-16T09:04:18+00:00","breadcrumb":{"@id":"https://reparacionsvic.com/politica-de-privacitat/#breadcrumb"},"inLanguage":"es","potentialAction":[{"@type":"ReadAction","target":["https://reparacionsvic.com/politica-de-privacitat/"]}]},{"@type":"BreadcrumbList","@id":"https://reparacionsvic.com/politica-de-privacitat/#breadcrumb","itemListElement":[{"@type":"ListItem","position":1,"name":"Inici","item":"https://reparacionsvic.com/"},{"@type":"ListItem","position":2,"name":"Política de privacitat"}]},{"@type":"WebSite","@id":"https://reparacionsvic.com/#website","url":"https://reparacionsvic.com/","name":"Reparacions vic","description":"Venta, lloguer i reparació de maquinària a Vic","potentialAction":[{"@type":"SearchAction","target":{"@type":"EntryPoint","urlTemplate":"https://reparacionsvic.com/?s={search_term_string}"},"query-input":{"@type":"PropertyValueSpecification","valueRequired":true,"valueName":"search_term_string"}}],"inLanguage":"es"}]}</script>
<!-- / Yoast SEO plugin. -->

Política de privacidad - Reparaciones Vic

Política de privacitat - Reparacions Vic

1.- INFORMACIÓ A L&#8217;USUARI El lloc web informa als usuaris del lloc web sobre la seva política respecte al tractament i protecció de les dades de caràcter personal dels usuaris i clients que puguin ser sol·licitades per la navegació a través del seu lloc web. El lloc web és el Responsable del tractament de les [&hellip;]

Política de privacitat

Venta, alquiler y reparación de maquinaria en Vic
